{"id":99,"date":"2011-08-06T00:00:00","date_gmt":"2011-08-05T22:00:00","guid":{"rendered":"https:\/\/mgspress.com\/shop\/product\/mirko-e-franca\/"},"modified":"2024-12-31T23:00:24","modified_gmt":"2024-12-31T22:00:24","slug":"mirko-e-franca","status":"publish","type":"product","link":"https:\/\/mgspress.com\/shop\/prodotto\/mirko-e-franca\/","title":{"rendered":"Mirko e Franca"},"content":{"rendered":"<p>Una storia d\u2019amore, ma anche un\u2019ode a Trieste, protagonista quanto Mirko e Franca, con le cui vite appare strettamente intrecciata. Quella sulla citt\u00e0 \u00e8 la parte pi\u00f9 concreta del libro, con ampi e approfonditi resoconti: innanzitutto il grande tema della psichiatria, con Basaglia e le sue innovazioni, ma anche il difficile rapporto con la vicina Jugoslavia \u2013 e qui non importa che la situazione sia cambiata: i riferimenti possono ancora valere, e sono comunque per lo pi\u00f9 incentrati sulla vicina Slovenia \u2013 e poi la situazione storica e politica della citt\u00e0 fin dalle sue radici antiche, per arrivare al drammatico secondo dopoguerra, al Trattato di Osimo, alla nascita della Lista per Trieste. Il tutto con uno sguardo da fuori, con qualche generalizzazione, come di un osservatore interessato che si \u00e8 documentato e si \u00e8 formato delle opinioni grazie ad una lunga frequentazione, ma che non \u00e8 triestino.<\/p>\n<p>Le descrizioni di luoghi sembrano quasi didascalie di un testo teatrale eppure hanno grande efficacia, con scarni ma incisivi ritratti di personaggi che hanno scritto la storia di quegli anni. Nessuna esitazione, nessun dilungarsi nel far progredire la trama. I cambi di scena sono quasi cinematografici: poche frasi e ci si trova in altri luoghi, sulle tracce di questo o quel personaggio.<\/p>\n","protected":false},"excerpt":{"rendered":"<p>Una storia d\u2019amore, ma anche un\u2019ode a Trieste, protagonista quanto Mirko e Franca, con le cui vite appare strettamente intrecciata. Quella sulla citt\u00e0 \u00e8 la parte pi\u00f9 concreta del libro, con ampi e approfonditi resoconti: innanzitutto il grande tema della psichiatria, con Basaglia e le sue innovazioni, ma anche il difficile rapporto con la vicina &hellip;<\/p>\n<p class=\"read-more\"> <a class=\"\" href=\"https:\/\/mgspress.com\/shop\/prodotto\/mirko-e-franca\/\"> <span class=\"screen-reader-text\">Mirko e Franca<\/span> Leggi altro &raquo;<\/a><\/p>\n","protected":false},"featured_media":526,"template":"","meta":{"site-sidebar-layout":"default","site-content-layout":"default","ast-global-header-display":"","ast-main-header-display":"","ast-hfb-above-header-display":"","ast-hfb-below-header-display":"","ast-hfb-mobile-header-display":"","site-post-title":"","ast-breadcrumbs-content":"","ast-featured-img":"","footer-sml-layout":"","theme-transparent-header-meta":"default","adv-header-id-meta":"","stick-header-meta":"","header-above-stick-meta":"","header-main-stick-meta":"","header-below-stick-meta":""},"product_brand":[],"product_cat":[33],"product_tag":[],"class_list":{"0":"post-99","1":"product","2":"type-product","3":"status-publish","4":"has-post-thumbnail","6":"product_cat-narrativa","7":"desktop-align-left","8":"tablet-align-left","9":"mobile-align-left","11":"first","12":"instock","13":"purchasable","14":"product-type-simple"},"_links":{"self":[{"href":"https:\/\/mgspress.com\/shop\/wp-json\/wp\/v2\/product\/99","targetHints":{"allow":["GET"]}}],"collection":[{"href":"https:\/\/mgspress.com\/shop\/wp-json\/wp\/v2\/product"}],"about":[{"href":"https:\/\/mgspress.com\/shop\/wp-json\/wp\/v2\/types\/product"}],"wp:featuredmedia":[{"embeddable":true,"href":"https:\/\/mgspress.com\/shop\/wp-json\/wp\/v2\/media\/526"}],"wp:attachment":[{"href":"https:\/\/mgspress.com\/shop\/wp-json\/wp\/v2\/media?parent=99"}],"wp:term":[{"taxonomy":"product_brand","embeddable":true,"href":"https:\/\/mgspress.com\/shop\/wp-json\/wp\/v2\/product_brand?post=99"},{"taxonomy":"product_cat","embeddable":true,"href":"https:\/\/mgspress.com\/shop\/wp-json\/wp\/v2\/product_cat?post=99"},{"taxonomy":"product_tag","embeddable":true,"href":"https:\/\/mgspress.com\/shop\/wp-json\/wp\/v2\/product_tag?post=99"}],"curies":[{"name":"wp","href":"https:\/\/api.w.org\/{rel}","templated":true}]}}