{"id":94,"date":"2011-08-06T00:00:00","date_gmt":"2011-08-05T22:00:00","guid":{"rendered":"https:\/\/mgspress.com\/shop\/product\/bora-zeleste\/"},"modified":"2022-12-01T19:19:34","modified_gmt":"2022-12-01T18:19:34","slug":"bora-zeleste","status":"publish","type":"product","link":"https:\/\/mgspress.com\/shop\/prodotto\/bora-zeleste\/","title":{"rendered":"Bora zeleste"},"content":{"rendered":"<p>La poesia di Claudio Grisancich ha rinnovato la grande tradizione di Virgilio Giotti e occupa oggi un suo posto ben riconoscibile nel panorama dialettale contemporaneo: nell&#8217;antologia La poesia in dialetto, curata nel 1999 da Franco Brevini per i Meridiani di Mondadori, vi figura, unico vivente, accanto a Giotti e Cergoly. La novit\u00e0 della sua operazione poetica consiste nel privilegiare un mondo di subalternit\u00e0 in cui affondano le sue radici. Di conseguenza, egli effettua, come nota Brevini, un abbassamento del dialetto di Giotti, ripetendo quanto Saba aveva fatto con l&#8217;italiano. Nel suo percorso, al vitalismo iniziale Grisancich \u00e8 poeta di natura e d&#8217;istinto &#8211; subentra un atteggiamento pi\u00f9 meditato, quasi un distacco dalla &#8220;calda vita&#8221;, ed affiora un altro lato, pi\u00f9 oscuro e doloroso.<\/p>\n","protected":false},"excerpt":{"rendered":"<p>La poesia di Claudio Grisancich ha rinnovato la grande tradizione di Virgilio Giotti e occupa oggi un suo posto ben riconoscibile nel panorama dialettale contemporaneo: nell&#8217;antologia La poesia in dialetto, curata nel 1999 da Franco Brevini per i Meridiani di Mondadori, vi figura, unico vivente, accanto a Giotti e Cergoly. La novit\u00e0 della sua operazione &hellip;<\/p>\n<p class=\"read-more\"> <a class=\"\" href=\"https:\/\/mgspress.com\/shop\/prodotto\/bora-zeleste\/\"> <span class=\"screen-reader-text\">Bora zeleste<\/span> Leggi altro &raquo;<\/a><\/p>\n","protected":false},"featured_media":432,"template":"","meta":{"site-sidebar-layout":"default","site-content-layout":"default","ast-global-header-display":"","ast-main-header-display":"","ast-hfb-above-header-display":"","ast-hfb-below-header-display":"","ast-hfb-mobile-header-display":"","site-post-title":"","ast-breadcrumbs-content":"","ast-featured-img":"","footer-sml-layout":"","theme-transparent-header-meta":"default","adv-header-id-meta":"","stick-header-meta":"","header-above-stick-meta":"","header-main-stick-meta":"","header-below-stick-meta":""},"product_brand":[],"product_cat":[31],"product_tag":[],"class_list":{"0":"post-94","1":"product","2":"type-product","3":"status-publish","4":"has-post-thumbnail","6":"product_cat-poesia","7":"desktop-align-left","8":"tablet-align-left","9":"mobile-align-left","11":"first","12":"instock","13":"purchasable","14":"product-type-simple"},"_links":{"self":[{"href":"https:\/\/mgspress.com\/shop\/wp-json\/wp\/v2\/product\/94","targetHints":{"allow":["GET"]}}],"collection":[{"href":"https:\/\/mgspress.com\/shop\/wp-json\/wp\/v2\/product"}],"about":[{"href":"https:\/\/mgspress.com\/shop\/wp-json\/wp\/v2\/types\/product"}],"wp:featuredmedia":[{"embeddable":true,"href":"https:\/\/mgspress.com\/shop\/wp-json\/wp\/v2\/media\/432"}],"wp:attachment":[{"href":"https:\/\/mgspress.com\/shop\/wp-json\/wp\/v2\/media?parent=94"}],"wp:term":[{"taxonomy":"product_brand","embeddable":true,"href":"https:\/\/mgspress.com\/shop\/wp-json\/wp\/v2\/product_brand?post=94"},{"taxonomy":"product_cat","embeddable":true,"href":"https:\/\/mgspress.com\/shop\/wp-json\/wp\/v2\/product_cat?post=94"},{"taxonomy":"product_tag","embeddable":true,"href":"https:\/\/mgspress.com\/shop\/wp-json\/wp\/v2\/product_tag?post=94"}],"curies":[{"name":"wp","href":"https:\/\/api.w.org\/{rel}","templated":true}]}}