{"id":201,"date":"2019-06-09T00:00:00","date_gmt":"2019-06-08T22:00:00","guid":{"rendered":"https:\/\/mgspress.com\/shop\/product\/giovanin-dei-usei-e-altre-storie-allombra-della-rocca\/"},"modified":"2025-12-15T16:49:27","modified_gmt":"2025-12-15T15:49:27","slug":"giovanin-dei-usei-e-altre-storie-allombra-della-rocca","status":"publish","type":"product","link":"https:\/\/mgspress.com\/shop\/prodotto\/giovanin-dei-usei-e-altre-storie-allombra-della-rocca\/","title":{"rendered":"Giovanin dei Usei e altre storie all\u2019ombra della Rocca"},"content":{"rendered":"<p>Consigliato a un pubblico adulto, ma dedicato in particolare ai giovani \u201cGiovanin dei Usei e altre storie all\u2019ombra della Rocca\u201d \u00e8 soprattutto una testimonianza di affetto per una citt\u00e0, Monfalcone, spesso ingiustamente lasciata ai margini della grande storia ma ricca di vicende, personaggi, situazioni, apparentemente minori, che hanno innervato di vitalit\u00e0 e genuina umanit\u00e0 la cosiddetta citt\u00e0 dei cantieri.<br \/>\nGiovanin dei Usei, il nostro menestrello per eccellenza, \u00e8 il protagonista principale dei racconti. La lettura di questo libro \u00e8 un po\u2019 come rovistare nelle soffitte dei nonni, tra valigie impolverate e armadi chiusi da decenni. Magicamente sono usciti sorprese, scoperte, aneddoti divertenti e drammatici ma tutti intrisi di quei buoni pensieri che chiamiamo nostalgia e che ci aiutano a guadare avanti con fiducia.<\/p>\n","protected":false},"excerpt":{"rendered":"<p>Consigliato a un pubblico adulto, ma dedicato in particolare ai giovani \u201cGiovanin dei Usei e altre storie all\u2019ombra della Rocca\u201d \u00e8 soprattutto una testimonianza di affetto per una citt\u00e0, Monfalcone, spesso ingiustamente lasciata ai margini della grande storia ma ricca di vicende, personaggi, situazioni, apparentemente minori, che hanno innervato di vitalit\u00e0 e genuina umanit\u00e0 la &hellip;<\/p>\n<p class=\"read-more\"> <a class=\"\" href=\"https:\/\/mgspress.com\/shop\/prodotto\/giovanin-dei-usei-e-altre-storie-allombra-della-rocca\/\"> <span class=\"screen-reader-text\">Giovanin dei Usei e altre storie all\u2019ombra della Rocca<\/span> Leggi altro &raquo;<\/a><\/p>\n","protected":false},"featured_media":399,"template":"","meta":{"site-sidebar-layout":"default","site-content-layout":"default","ast-global-header-display":"","ast-main-header-display":"","ast-hfb-above-header-display":"","ast-hfb-below-header-display":"","ast-hfb-mobile-header-display":"","site-post-title":"","ast-breadcrumbs-content":"","ast-featured-img":"","footer-sml-layout":"","theme-transparent-header-meta":"default","adv-header-id-meta":"","stick-header-meta":"","header-above-stick-meta":"","header-main-stick-meta":"","header-below-stick-meta":""},"product_brand":[],"product_cat":[33],"product_tag":[],"class_list":{"0":"post-201","1":"product","2":"type-product","3":"status-publish","4":"has-post-thumbnail","6":"product_cat-narrativa","7":"desktop-align-left","8":"tablet-align-left","9":"mobile-align-left","11":"first","12":"instock","13":"purchasable","14":"product-type-simple"},"_links":{"self":[{"href":"https:\/\/mgspress.com\/shop\/wp-json\/wp\/v2\/product\/201","targetHints":{"allow":["GET"]}}],"collection":[{"href":"https:\/\/mgspress.com\/shop\/wp-json\/wp\/v2\/product"}],"about":[{"href":"https:\/\/mgspress.com\/shop\/wp-json\/wp\/v2\/types\/product"}],"wp:featuredmedia":[{"embeddable":true,"href":"https:\/\/mgspress.com\/shop\/wp-json\/wp\/v2\/media\/399"}],"wp:attachment":[{"href":"https:\/\/mgspress.com\/shop\/wp-json\/wp\/v2\/media?parent=201"}],"wp:term":[{"taxonomy":"product_brand","embeddable":true,"href":"https:\/\/mgspress.com\/shop\/wp-json\/wp\/v2\/product_brand?post=201"},{"taxonomy":"product_cat","embeddable":true,"href":"https:\/\/mgspress.com\/shop\/wp-json\/wp\/v2\/product_cat?post=201"},{"taxonomy":"product_tag","embeddable":true,"href":"https:\/\/mgspress.com\/shop\/wp-json\/wp\/v2\/product_tag?post=201"}],"curies":[{"name":"wp","href":"https:\/\/api.w.org\/{rel}","templated":true}]}}