{"id":194,"date":"2018-09-19T00:00:00","date_gmt":"2018-09-18T22:00:00","guid":{"rendered":"https:\/\/mgspress.com\/shop\/product\/trieste-e-la-scienza-storia-e-personaggi\/"},"modified":"2023-03-13T08:39:30","modified_gmt":"2023-03-13T07:39:30","slug":"trieste-e-la-scienza-storia-e-personaggi","status":"publish","type":"product","link":"https:\/\/mgspress.com\/shop\/prodotto\/trieste-e-la-scienza-storia-e-personaggi\/","title":{"rendered":"Trieste e la scienza. Storia e personaggi"},"content":{"rendered":"<p>Quali sono le basi storiche che hanno portato Trieste a essere nominata \u201cCapitale europea della scienza\u201d nel 2020? Perch\u00e9 oggi una citt\u00e0 con poco pi\u00f9 di duecentomila abitanti ai margini dell\u2019Italia \u00e8 tra i luoghi scientifici di riferimento a livello internazionale?<br \/>\nQuesto libro raccoglie le storie di settanta personaggi che dall\u2019inizio dell\u2019Ottocento hanno lasciato un segno nel mondo scientifico italiano e mondiale, e che con Trieste hanno avuto un legame fondamentale. Un excursus storico-divulgativo spiega inoltre i fattori sociali, economici e politici che hanno determinato a Trieste un terreno cos\u00ec fertile per il pensiero scientifico, senza dimenticare il presente e le nuove sfide che attendono la citt\u00e0 della scienza.<\/p>\n<p>Raccontando la storia di scienziati e scienziate scopriamo la loro connessione con il territorio, i momenti salienti della loro carriera con particolare attenzione a quelli legati a Trieste, ed anche l\u2019importanza della loro ricerca. Per alcuni la citt\u00e0 ha rappresentato il fulcro della loro vita e carriera, per altri un momento determinante e per altri ancora il luogo di nascita o di morte.<br \/>\nUna parte del libro, infine, racconta cos\u2019\u00e8 diventata e com\u2019\u00e8 cambiata Trieste oggi in ambito scientifico, quali sono le linee di ricerca e in quali istituti si stanno seguendo, ipotizzando le prospettive future.<\/p>\n","protected":false},"excerpt":{"rendered":"<p>Quali sono le basi storiche che hanno portato Trieste a essere nominata \u201cCapitale europea della scienza\u201d nel 2020? Perch\u00e9 oggi una citt\u00e0 con poco pi\u00f9 di duecentomila abitanti ai margini dell\u2019Italia \u00e8 tra i luoghi scientifici di riferimento a livello internazionale? Questo libro raccoglie le storie di settanta personaggi che dall\u2019inizio dell\u2019Ottocento hanno lasciato un &hellip;<\/p>\n<p class=\"read-more\"> <a class=\"\" href=\"https:\/\/mgspress.com\/shop\/prodotto\/trieste-e-la-scienza-storia-e-personaggi\/\"> <span class=\"screen-reader-text\">Trieste e la scienza. Storia e personaggi<\/span> Leggi altro &raquo;<\/a><\/p>\n","protected":false},"featured_media":332,"template":"","meta":{"site-sidebar-layout":"default","site-content-layout":"default","ast-global-header-display":"","ast-main-header-display":"","ast-hfb-above-header-display":"","ast-hfb-below-header-display":"","ast-hfb-mobile-header-display":"","site-post-title":"","ast-breadcrumbs-content":"","ast-featured-img":"","footer-sml-layout":"","theme-transparent-header-meta":"default","adv-header-id-meta":"","stick-header-meta":"","header-above-stick-meta":"","header-main-stick-meta":"","header-below-stick-meta":""},"product_brand":[],"product_cat":[33],"product_tag":[],"class_list":{"0":"post-194","1":"product","2":"type-product","3":"status-publish","4":"has-post-thumbnail","6":"product_cat-narrativa","7":"desktop-align-left","8":"tablet-align-left","9":"mobile-align-left","11":"first","12":"instock","13":"purchasable","14":"product-type-simple"},"_links":{"self":[{"href":"https:\/\/mgspress.com\/shop\/wp-json\/wp\/v2\/product\/194","targetHints":{"allow":["GET"]}}],"collection":[{"href":"https:\/\/mgspress.com\/shop\/wp-json\/wp\/v2\/product"}],"about":[{"href":"https:\/\/mgspress.com\/shop\/wp-json\/wp\/v2\/types\/product"}],"wp:featuredmedia":[{"embeddable":true,"href":"https:\/\/mgspress.com\/shop\/wp-json\/wp\/v2\/media\/332"}],"wp:attachment":[{"href":"https:\/\/mgspress.com\/shop\/wp-json\/wp\/v2\/media?parent=194"}],"wp:term":[{"taxonomy":"product_brand","embeddable":true,"href":"https:\/\/mgspress.com\/shop\/wp-json\/wp\/v2\/product_brand?post=194"},{"taxonomy":"product_cat","embeddable":true,"href":"https:\/\/mgspress.com\/shop\/wp-json\/wp\/v2\/product_cat?post=194"},{"taxonomy":"product_tag","embeddable":true,"href":"https:\/\/mgspress.com\/shop\/wp-json\/wp\/v2\/product_tag?post=194"}],"curies":[{"name":"wp","href":"https:\/\/api.w.org\/{rel}","templated":true}]}}