{"id":192,"date":"2018-03-19T00:00:00","date_gmt":"2018-03-18T23:00:00","guid":{"rendered":"https:\/\/mgspress.com\/shop\/product\/maria-antonietta\/"},"modified":"2025-05-23T11:14:04","modified_gmt":"2025-05-23T09:14:04","slug":"maria-antonietta","status":"publish","type":"product","link":"https:\/\/mgspress.com\/shop\/prodotto\/maria-antonietta\/","title":{"rendered":"Maria Antonietta"},"content":{"rendered":"<p>\u201cUna regale rosa nuziale, ecco cos\u2019era quando l\u2019Austria la consegn\u00f2 alla Francia. Anche i francesi ne rimasero incantati: la trovarono cos\u00ec bella che non se la sarebbero pi\u00f9 lasciata sfuggire\u201d. Con queste parole Ida von D\u00fcringsfeld ci presenta la \u201csua\u201d Maria Antonietta: una delicata e affascinante fanciulla appena quattordicenne, giunta in Francia per sposare il futuro Luigi XVI. Un destino che sembrava essere stato benedetto dagli dei e che invece, appena vent\u2019anni anni dopo, si tramuter\u00e0 in un vero e proprio incubo dal tragico epilogo.<br \/>\nAmata, odiata, idolatrata, oltraggiata: se per i contemporanei Maria Antonietta fu il capro espiatorio di tutti i mali della Francia del XVIII secolo, simbolo stesso della cupidigia e delle ingiustizie sociali, la regina frivola e spendacciona, ritenuta persino capace di pronunciare frasi come la famigerata \u201cSe non hanno pane che mangino le brioches\u201d, per gli autori ottocenteschi si trasform\u00f2 nella Martire della Rivoluzione, la \u201cregina-santa\u201d vittima innocente del pi\u00f9 vile (ed inutile) dei regicidi.<\/p>\n<p>Ma chi era davvero Maria Antonietta di Francia? In queste pagine, scritte nella seconda met\u00e0 dell\u2019800, l\u2019autrice tedesca ripercorre le vicende umane di un personaggio complesso, accattivante, universale, un\u2019icona che ancora oggi incuriosisce, seduce e divide le coscienze.<br \/>\nUn racconto puntuale e circostanziato che inizia nel 1770 con l\u2019arrivo pieno di speranze alla corte di Versailles, il matrimonio male assortito (e consumato dopo ben 7 anni) con un giovane principe cupo, timidissimo e cos\u00ec diverso dalla sua esuberante sposa e poi gli intrighi di corte, gli eccessi, le spese folli, l\u2019ossessiva ricerca di affetto e di approvazione, l\u2019agognata maternit\u00e0, l\u2019isolamento dalla corte, il montare del malcontento popolare e il dilagare delle idee rivoluzionarie fino alla toccante narrazione degli ultimi tragici anni, la prigionia, la vedovanza, il processo, la ghigliottina.<\/p>\n<p>La D\u00fcringsfeld fa rivivere il personaggio Maria Antonietta in tutto il suo straordinario, articolato fascino senza tempo: la fragile \u201crosa nuziale\u201d giunta in Francia ancora bambina diviene l\u2019immortale regina simbolo del rococ\u00f2, della decadenza e della fine dell\u2019ancien r\u00e9gime perch\u00e9, come scriver\u00e0 cinquant\u2019anni dopo uno dei suoi biografi pi\u00f9 famosi, Stefan Zweig \u201cil destino l\u2019ha posta simbolica Regina di questo secolo, poich\u00e9 con esso viva la sua vita e muoia la sua morte\u201d.<\/p>\n","protected":false},"excerpt":{"rendered":"<p>\u201cUna regale rosa nuziale, ecco cos\u2019era quando l\u2019Austria la consegn\u00f2 alla Francia. Anche i francesi ne rimasero incantati: la trovarono cos\u00ec bella che non se la sarebbero pi\u00f9 lasciata sfuggire\u201d. Con queste parole Ida von D\u00fcringsfeld ci presenta la \u201csua\u201d Maria Antonietta: una delicata e affascinante fanciulla appena quattordicenne, giunta in Francia per sposare il &hellip;<\/p>\n<p class=\"read-more\"> <a class=\"\" href=\"https:\/\/mgspress.com\/shop\/prodotto\/maria-antonietta\/\"> <span class=\"screen-reader-text\">Maria Antonietta<\/span> Leggi altro &raquo;<\/a><\/p>\n","protected":false},"featured_media":285,"template":"","meta":{"site-sidebar-layout":"default","site-content-layout":"default","ast-global-header-display":"","ast-main-header-display":"","ast-hfb-above-header-display":"","ast-hfb-below-header-display":"","ast-hfb-mobile-header-display":"","site-post-title":"","ast-breadcrumbs-content":"","ast-featured-img":"","footer-sml-layout":"","theme-transparent-header-meta":"default","adv-header-id-meta":"","stick-header-meta":"","header-above-stick-meta":"","header-main-stick-meta":"","header-below-stick-meta":""},"product_brand":[],"product_cat":[24],"product_tag":[],"class_list":{"0":"post-192","1":"product","2":"type-product","3":"status-publish","4":"has-post-thumbnail","6":"product_cat-asburgo","7":"desktop-align-left","8":"tablet-align-left","9":"mobile-align-left","11":"first","12":"instock","13":"purchasable","14":"product-type-simple"},"_links":{"self":[{"href":"https:\/\/mgspress.com\/shop\/wp-json\/wp\/v2\/product\/192","targetHints":{"allow":["GET"]}}],"collection":[{"href":"https:\/\/mgspress.com\/shop\/wp-json\/wp\/v2\/product"}],"about":[{"href":"https:\/\/mgspress.com\/shop\/wp-json\/wp\/v2\/types\/product"}],"wp:featuredmedia":[{"embeddable":true,"href":"https:\/\/mgspress.com\/shop\/wp-json\/wp\/v2\/media\/285"}],"wp:attachment":[{"href":"https:\/\/mgspress.com\/shop\/wp-json\/wp\/v2\/media?parent=192"}],"wp:term":[{"taxonomy":"product_brand","embeddable":true,"href":"https:\/\/mgspress.com\/shop\/wp-json\/wp\/v2\/product_brand?post=192"},{"taxonomy":"product_cat","embeddable":true,"href":"https:\/\/mgspress.com\/shop\/wp-json\/wp\/v2\/product_cat?post=192"},{"taxonomy":"product_tag","embeddable":true,"href":"https:\/\/mgspress.com\/shop\/wp-json\/wp\/v2\/product_tag?post=192"}],"curies":[{"name":"wp","href":"https:\/\/api.w.org\/{rel}","templated":true}]}}