{"id":181,"date":"2016-10-10T00:00:00","date_gmt":"2016-10-09T22:00:00","guid":{"rendered":"https:\/\/mgspress.com\/shop\/product\/il-gatto-rosso-tasi-picio-te-prego\/"},"modified":"2023-01-15T10:51:41","modified_gmt":"2023-01-15T09:51:41","slug":"il-gatto-rosso-tasi-picio-te-prego","status":"publish","type":"product","link":"https:\/\/mgspress.com\/shop\/prodotto\/il-gatto-rosso-tasi-picio-te-prego\/","title":{"rendered":"Il gatto rosso. \u201cTasi picio, te prego\u201d"},"content":{"rendered":"<p>\u00c8 possibile piegare la propria vita alle stesse regole che si applicano al buon giornalismo, cio\u00e8 rispondere sempre alle domande chi, come, dove, quando, perch\u00e9? Pu\u00f2 sembrare un\u2019impresa disperata e con molti rischi. Perch\u00e9 si paga alla coerenza (e non sempre ci si riesce anche con la pi\u00f9 buona volont\u00e0) un prezzo molto alto fatto di dimissioni che volano come farfalle, di lavoro frenetico (per cui ti accorgi che i figli nel frattempo sono arrivati all\u2019universit\u00e0) e, soprattutto, di farsi la fama di \u201cnon affidabile\u201d, secondo le regole della politica che impongono accomodamenti, mediazioni continue, strizzatine d\u2019occhio.<\/p>\n<p>Raccontare sessant\u2019anni di professione, da precario a direttore, nella tua citt\u00e0, nella regione e poi in giro per l\u2019Italia, portandosi dietro il bagaglio di contraddizioni di cui \u00e8 imbevuta la tua radice di triestino, senza farne una biografia, tantomeno un\u2019agiografia, valorizzando gli aneddoti che ammorbidiscono il tono e spesso rivelano la sostanza degli avvenimenti e delle persone: \u00e8 la sfida affidata a questo libro nato dalle chiacchiere con gli amici che, ormai troppo spesso, provocavano con la battuta: \u201cHai il coraggio di scrivere queste cose?\u201d. Magari senza dimenticare la massima di Charlie Chaplin: \u201cUn giorno senza una risata \u00e8 un giorno sprecato\u201d.<\/p>\n","protected":false},"excerpt":{"rendered":"<p>\u00c8 possibile piegare la propria vita alle stesse regole che si applicano al buon giornalismo, cio\u00e8 rispondere sempre alle domande chi, come, dove, quando, perch\u00e9? Pu\u00f2 sembrare un\u2019impresa disperata e con molti rischi. Perch\u00e9 si paga alla coerenza (e non sempre ci si riesce anche con la pi\u00f9 buona volont\u00e0) un prezzo molto alto fatto &hellip;<\/p>\n<p class=\"read-more\"> <a class=\"\" href=\"https:\/\/mgspress.com\/shop\/prodotto\/il-gatto-rosso-tasi-picio-te-prego\/\"> <span class=\"screen-reader-text\">Il gatto rosso. \u201cTasi picio, te prego\u201d<\/span> Leggi altro &raquo;<\/a><\/p>\n","protected":false},"featured_media":471,"template":"","meta":{"site-sidebar-layout":"default","site-content-layout":"default","ast-global-header-display":"","ast-main-header-display":"","ast-hfb-above-header-display":"","ast-hfb-below-header-display":"","ast-hfb-mobile-header-display":"","site-post-title":"","ast-breadcrumbs-content":"","ast-featured-img":"","footer-sml-layout":"","theme-transparent-header-meta":"default","adv-header-id-meta":"","stick-header-meta":"","header-above-stick-meta":"","header-main-stick-meta":"","header-below-stick-meta":""},"product_brand":[],"product_cat":[33],"product_tag":[],"class_list":{"0":"post-181","1":"product","2":"type-product","3":"status-publish","4":"has-post-thumbnail","6":"product_cat-narrativa","7":"desktop-align-left","8":"tablet-align-left","9":"mobile-align-left","11":"first","12":"instock","13":"purchasable","14":"product-type-simple"},"_links":{"self":[{"href":"https:\/\/mgspress.com\/shop\/wp-json\/wp\/v2\/product\/181","targetHints":{"allow":["GET"]}}],"collection":[{"href":"https:\/\/mgspress.com\/shop\/wp-json\/wp\/v2\/product"}],"about":[{"href":"https:\/\/mgspress.com\/shop\/wp-json\/wp\/v2\/types\/product"}],"wp:featuredmedia":[{"embeddable":true,"href":"https:\/\/mgspress.com\/shop\/wp-json\/wp\/v2\/media\/471"}],"wp:attachment":[{"href":"https:\/\/mgspress.com\/shop\/wp-json\/wp\/v2\/media?parent=181"}],"wp:term":[{"taxonomy":"product_brand","embeddable":true,"href":"https:\/\/mgspress.com\/shop\/wp-json\/wp\/v2\/product_brand?post=181"},{"taxonomy":"product_cat","embeddable":true,"href":"https:\/\/mgspress.com\/shop\/wp-json\/wp\/v2\/product_cat?post=181"},{"taxonomy":"product_tag","embeddable":true,"href":"https:\/\/mgspress.com\/shop\/wp-json\/wp\/v2\/product_tag?post=181"}],"curies":[{"name":"wp","href":"https:\/\/api.w.org\/{rel}","templated":true}]}}