{"id":175,"date":"2015-11-10T00:00:00","date_gmt":"2015-11-09T23:00:00","guid":{"rendered":"https:\/\/mgspress.com\/shop\/product\/brividi-su-brazi\/"},"modified":"2023-03-13T08:44:52","modified_gmt":"2023-03-13T07:44:52","slug":"brividi-su-brazi","status":"publish","type":"product","link":"https:\/\/mgspress.com\/shop\/prodotto\/brividi-su-brazi\/","title":{"rendered":"Brividi su brazi"},"content":{"rendered":"<p>Brividi su brazi, go veramente brividi su brazi al solo pensier che un giorno el sior Carlo ga deciso de publicar mio libro.<br \/>\nCari amici de Zdenko e de suo Casin\u00f2 Las Vegas de Buje, che belissimo momento, go i oceti lucidi come quando nonno Stane me tira alitade de zivola. No posso nasconder che go brividi su brazi come mai prima de oggi\u2026 Beh s\u00ec, forse solo quando go visto prima volta Svetlana, mia dolce Palacinka, tutta nuda davanti de mi. Eh s\u00ec, quela volta i me ga portado anche in ospedal, ma per el resto brividi su brazi xe uguale.<br \/>\nChe bello saver che mia vita diventa libro che tutti pol comprar a bon prezo.<\/p>\n<p>Ve far\u00f2 conoser mio belissimo Casin\u00f2 itinerante che gira su e zo per Buje a sua discrezion, ve far\u00f2 conosser mia bela famiglietta che sfrutto con tanto amore e generosit\u00e0, e tanti personaggi belissimi che frequenta mio Casin\u00f2.<br \/>\nVe far\u00f2 conoser i programi de spetacoli che ogni setimana cambia per offrir a clientela ludico-sporcellina tanto divertimento con i nostri meravigliosi sosia de sosia, con le nostre donette che salta su pal come simie, con le nostre prime visioni esclusive su megalenziol schermo e anche \u201cI Misteri de Bujager\u201d.<\/p>\n<p>Per vegnir in Casin\u00f2 bisogna saver parola de ordine che ogni volta per sicurezza cambia, e guai dir sbagliado!<br \/>\nCari amici de Zdenko, son sicuro che questo libro trover\u00e0 el suo posto nella vostra vita e son quasi sicuro che sto posto sar\u00e0 in vostro bagno fronte tazza o sora lavatrice per accompagnar vostra preziosa intimit\u00e0. A sto punto ve devo solo augurar bona lettura a tutti\u2026 tir\u00e8 l\u2019acqua me raccomando.<\/p>\n","protected":false},"excerpt":{"rendered":"<p>Brividi su brazi, go veramente brividi su brazi al solo pensier che un giorno el sior Carlo ga deciso de publicar mio libro. Cari amici de Zdenko e de suo Casin\u00f2 Las Vegas de Buje, che belissimo momento, go i oceti lucidi come quando nonno Stane me tira alitade de zivola. No posso nasconder che &hellip;<\/p>\n<p class=\"read-more\"> <a class=\"\" href=\"https:\/\/mgspress.com\/shop\/prodotto\/brividi-su-brazi\/\"> <span class=\"screen-reader-text\">Brividi su brazi<\/span> Leggi altro &raquo;<\/a><\/p>\n","protected":false},"featured_media":395,"template":"","meta":{"site-sidebar-layout":"default","site-content-layout":"default","ast-global-header-display":"","ast-main-header-display":"","ast-hfb-above-header-display":"","ast-hfb-below-header-display":"","ast-hfb-mobile-header-display":"","site-post-title":"","ast-breadcrumbs-content":"","ast-featured-img":"","footer-sml-layout":"","theme-transparent-header-meta":"default","adv-header-id-meta":"","stick-header-meta":"","header-above-stick-meta":"","header-main-stick-meta":"","header-below-stick-meta":""},"product_brand":[],"product_cat":[27],"product_tag":[],"class_list":{"0":"post-175","1":"product","2":"type-product","3":"status-publish","4":"has-post-thumbnail","6":"product_cat-dialetto-triestino","7":"desktop-align-left","8":"tablet-align-left","9":"mobile-align-left","11":"first","12":"instock","13":"purchasable","14":"product-type-simple"},"_links":{"self":[{"href":"https:\/\/mgspress.com\/shop\/wp-json\/wp\/v2\/product\/175","targetHints":{"allow":["GET"]}}],"collection":[{"href":"https:\/\/mgspress.com\/shop\/wp-json\/wp\/v2\/product"}],"about":[{"href":"https:\/\/mgspress.com\/shop\/wp-json\/wp\/v2\/types\/product"}],"wp:featuredmedia":[{"embeddable":true,"href":"https:\/\/mgspress.com\/shop\/wp-json\/wp\/v2\/media\/395"}],"wp:attachment":[{"href":"https:\/\/mgspress.com\/shop\/wp-json\/wp\/v2\/media?parent=175"}],"wp:term":[{"taxonomy":"product_brand","embeddable":true,"href":"https:\/\/mgspress.com\/shop\/wp-json\/wp\/v2\/product_brand?post=175"},{"taxonomy":"product_cat","embeddable":true,"href":"https:\/\/mgspress.com\/shop\/wp-json\/wp\/v2\/product_cat?post=175"},{"taxonomy":"product_tag","embeddable":true,"href":"https:\/\/mgspress.com\/shop\/wp-json\/wp\/v2\/product_tag?post=175"}],"curies":[{"name":"wp","href":"https:\/\/api.w.org\/{rel}","templated":true}]}}