{"id":155,"date":"2012-11-17T00:00:00","date_gmt":"2012-11-16T23:00:00","guid":{"rendered":"https:\/\/mgspress.com\/shop\/product\/lenigma-di-boltzmann\/"},"modified":"2023-01-15T10:53:25","modified_gmt":"2023-01-15T09:53:25","slug":"lenigma-di-boltzmann","status":"publish","type":"product","link":"https:\/\/mgspress.com\/shop\/prodotto\/lenigma-di-boltzmann\/","title":{"rendered":"L\u2019enigma di Boltzmann"},"content":{"rendered":"<p>Trieste, 1907. Lo attestano le cronache e i curricula: nella citt\u00e0 emporial-imperiale in costante ascesa economica e demografica, ma dove minacciosamente attecchiscono gli opposti nazionalismi, transitano e si incrociano proprio in quell&#8217;anno alcuni forestieri destinati, ciascuno, a entrare prima o poi nella storia dell&#8217;arte o della letteratura del Novecento.<\/p>\n<p>C&#8217;\u00e8 un giovane praghese, matematico e scrittore, impiegato (malvolentieri) alle prestigiose Assicurazioni Generali. C&#8217;\u00e8 un giovane viennese che sta cercando (e trovando) una propria, originalissima via di espressione artistica. C&#8217;\u00e8 un giovane dublinese che ha grandi progetti letterari ma che fatica a convincere editori e a tirare avanti con una famiglia in crescita. E c&#8217;\u00e8 un celebre musicista viennese, compositore e direttore d&#8217;orchestra, che vi tiene un secondo, importante concerto a due anni dal primo, rimasto memorabile.<\/p>\n<p>Ma altri uomini di cultura intersecano nella citt\u00e0 adriatica il proprio percorso di vita e di creativit\u00e0. E tra loro, c&#8217;\u00e8 anche qualcuno che, al contrario, l&#8217;ha scelta per troncarlo drammaticamente: l&#8217;anno prima un geniale matematico e fisico (egli pure viennese) \u00e8 stato trovato impiccato nella stanza d&#8217;albergo in cui era in vacanza con moglie e figlia.<\/p>\n<p>Un suicidio inquietante, che ha lasciato sgomenti e perplessi. Nella citt\u00e0 \u201cirredenta\u201d, il mistero di quella fine e dei suoi moventi turba molte coscienze e innesca una serie di drammatici (ma anche paradossali) contraccolpi, dando avvio a un&#8217;alleanza di brillanti cervelli e a un&#8217;investigazione collettiva ricca di sorprese e colpi di scena.<\/p>\n","protected":false},"excerpt":{"rendered":"<p>Trieste, 1907. Lo attestano le cronache e i curricula: nella citt\u00e0 emporial-imperiale in costante ascesa economica e demografica, ma dove minacciosamente attecchiscono gli opposti nazionalismi, transitano e si incrociano proprio in quell&#8217;anno alcuni forestieri destinati, ciascuno, a entrare prima o poi nella storia dell&#8217;arte o della letteratura del Novecento. C&#8217;\u00e8 un giovane praghese, matematico e &hellip;<\/p>\n<p class=\"read-more\"> <a class=\"\" href=\"https:\/\/mgspress.com\/shop\/prodotto\/lenigma-di-boltzmann\/\"> <span class=\"screen-reader-text\">L\u2019enigma di Boltzmann<\/span> Leggi altro &raquo;<\/a><\/p>\n","protected":false},"featured_media":474,"template":"","meta":{"site-sidebar-layout":"default","site-content-layout":"default","ast-global-header-display":"","ast-main-header-display":"","ast-hfb-above-header-display":"","ast-hfb-below-header-display":"","ast-hfb-mobile-header-display":"","site-post-title":"","ast-breadcrumbs-content":"","ast-featured-img":"","footer-sml-layout":"","theme-transparent-header-meta":"default","adv-header-id-meta":"","stick-header-meta":"","header-above-stick-meta":"","header-main-stick-meta":"","header-below-stick-meta":""},"product_brand":[],"product_cat":[33],"product_tag":[],"class_list":{"0":"post-155","1":"product","2":"type-product","3":"status-publish","4":"has-post-thumbnail","6":"product_cat-narrativa","7":"desktop-align-left","8":"tablet-align-left","9":"mobile-align-left","11":"first","12":"instock","13":"purchasable","14":"product-type-simple"},"_links":{"self":[{"href":"https:\/\/mgspress.com\/shop\/wp-json\/wp\/v2\/product\/155","targetHints":{"allow":["GET"]}}],"collection":[{"href":"https:\/\/mgspress.com\/shop\/wp-json\/wp\/v2\/product"}],"about":[{"href":"https:\/\/mgspress.com\/shop\/wp-json\/wp\/v2\/types\/product"}],"wp:featuredmedia":[{"embeddable":true,"href":"https:\/\/mgspress.com\/shop\/wp-json\/wp\/v2\/media\/474"}],"wp:attachment":[{"href":"https:\/\/mgspress.com\/shop\/wp-json\/wp\/v2\/media?parent=155"}],"wp:term":[{"taxonomy":"product_brand","embeddable":true,"href":"https:\/\/mgspress.com\/shop\/wp-json\/wp\/v2\/product_brand?post=155"},{"taxonomy":"product_cat","embeddable":true,"href":"https:\/\/mgspress.com\/shop\/wp-json\/wp\/v2\/product_cat?post=155"},{"taxonomy":"product_tag","embeddable":true,"href":"https:\/\/mgspress.com\/shop\/wp-json\/wp\/v2\/product_tag?post=155"}],"curies":[{"name":"wp","href":"https:\/\/api.w.org\/{rel}","templated":true}]}}