{"id":130,"date":"2011-08-08T00:00:00","date_gmt":"2011-08-07T22:00:00","guid":{"rendered":"https:\/\/mgspress.com\/shop\/product\/cianeto-2-la-vendeta\/"},"modified":"2023-01-15T11:00:58","modified_gmt":"2023-01-15T10:00:58","slug":"cianeto-2-la-vendeta","status":"publish","type":"product","link":"https:\/\/mgspress.com\/shop\/prodotto\/cianeto-2-la-vendeta\/","title":{"rendered":"Cianeto 2. La vendeta"},"content":{"rendered":"<p>Le mie telefonade? Gav\u00e8 intercet\u00e0 le mie telefonade? Ma cossa s\u00e9 fora dei copi tuti quanti? Ma chi ve ga da\u2019 l\u2019autorizazion? Scometo che xe de mezo quel scoverci\u00e0 de Zeper. Ma come el se permeti? Ma el sa che se lo beco ghe fico una riga de piadoni intel cul che lo fazo corer fina a San Dorligo? Ci\u00f2, \u2018ara che carogne! Cossa no gav\u00e8 rispeto per la praivasi? E alora? Uno adesso no poder\u00e0 telefonar senza che no ghe sia qualche iaspi che se diverti a star a scoltar? Ci\u00f2! Ma andeve a scoltar i cocai a Barcola che con quei ve intender\u00e8 meo, d\u00e8i! No gav\u00e8 altro cossa far?<\/p>\n","protected":false},"excerpt":{"rendered":"<p>Le mie telefonade? Gav\u00e8 intercet\u00e0 le mie telefonade? Ma cossa s\u00e9 fora dei copi tuti quanti? Ma chi ve ga da\u2019 l\u2019autorizazion? Scometo che xe de mezo quel scoverci\u00e0 de Zeper. Ma come el se permeti? Ma el sa che se lo beco ghe fico una riga de piadoni intel cul che lo fazo corer &hellip;<\/p>\n<p class=\"read-more\"> <a class=\"\" href=\"https:\/\/mgspress.com\/shop\/prodotto\/cianeto-2-la-vendeta\/\"> <span class=\"screen-reader-text\">Cianeto 2. La vendeta<\/span> Leggi altro &raquo;<\/a><\/p>\n","protected":false},"featured_media":492,"template":"","meta":{"site-sidebar-layout":"default","site-content-layout":"default","ast-global-header-display":"","ast-main-header-display":"","ast-hfb-above-header-display":"","ast-hfb-below-header-display":"","ast-hfb-mobile-header-display":"","site-post-title":"","ast-breadcrumbs-content":"","ast-featured-img":"","footer-sml-layout":"","theme-transparent-header-meta":"default","adv-header-id-meta":"","stick-header-meta":"","header-above-stick-meta":"","header-main-stick-meta":"","header-below-stick-meta":""},"product_brand":[],"product_cat":[27],"product_tag":[],"class_list":{"0":"post-130","1":"product","2":"type-product","3":"status-publish","4":"has-post-thumbnail","6":"product_cat-dialetto-triestino","7":"desktop-align-left","8":"tablet-align-left","9":"mobile-align-left","11":"first","12":"instock","13":"purchasable","14":"product-type-simple"},"_links":{"self":[{"href":"https:\/\/mgspress.com\/shop\/wp-json\/wp\/v2\/product\/130","targetHints":{"allow":["GET"]}}],"collection":[{"href":"https:\/\/mgspress.com\/shop\/wp-json\/wp\/v2\/product"}],"about":[{"href":"https:\/\/mgspress.com\/shop\/wp-json\/wp\/v2\/types\/product"}],"wp:featuredmedia":[{"embeddable":true,"href":"https:\/\/mgspress.com\/shop\/wp-json\/wp\/v2\/media\/492"}],"wp:attachment":[{"href":"https:\/\/mgspress.com\/shop\/wp-json\/wp\/v2\/media?parent=130"}],"wp:term":[{"taxonomy":"product_brand","embeddable":true,"href":"https:\/\/mgspress.com\/shop\/wp-json\/wp\/v2\/product_brand?post=130"},{"taxonomy":"product_cat","embeddable":true,"href":"https:\/\/mgspress.com\/shop\/wp-json\/wp\/v2\/product_cat?post=130"},{"taxonomy":"product_tag","embeddable":true,"href":"https:\/\/mgspress.com\/shop\/wp-json\/wp\/v2\/product_tag?post=130"}],"curies":[{"name":"wp","href":"https:\/\/api.w.org\/{rel}","templated":true}]}}